. Suppose i*o + 7*o - 28 = 0. Suppose o*h + 0*k = -3*k + 607, k - 459 = -3*h. What is the units digit of h?
4
Let d = 73 - 67. What is the hundreds digit of (-1)/4*-3148 + d?
7
Suppose 4*u = -3*g + 8, 0 = 3*u - 5*u - 4*g + 14. Let c(x) be the second derivative of -25*x**3/6 + 5*x**2/2 + 11*x. What is the tens digit of c(u)?
3
Let k(i) = -3*i**3 - 45*i**2 + 58*i - 752. What is the thousands digit of k(-34)?
3
Let m(d) = 25*d + 3. Suppose -4*i - 3*p + 46 = 0, 43 = 4*i - p + 5. What is the tens digit of m(i)?
5
Let g = -24 - 36. Let c = 76 - g. What is the units digit of c?
6
Let z be (-7)/(35/15) - 11. Let y be (-3252)/z + (2 - (-16)/(-7)). Let l = 371 - y. What is the units digit of l?
9
What is the hundreds digit of 6 - (-13180 - 2 - (22 - 18))?
1
Let l(z) = 152*z - 13. Let m(k) = k**2 + 2*k - 6. Let a be m(-4). What is the units digit of l(a)?
1
Let l(o) = -4*o + 170859*o**2 - 7*o - 170737*o**2 - 34. What is the thousands digit of l(-3)?
1
Let k(w) = -4*w**3 - 72*w**2 + 41*w + 35. What is the hundreds digit of k(-23)?
6
Let t(v) = 75*v**2 - 30*v + 9. Let k be t(-4). Suppose -2*g - 119 = -k. What is the tens digit of g?
0
Suppose 19248 = -7398*r + 7402*r. What is the tens digit of r?
1
What is the ten thousands digit of ((6 - 2343) + 105/15)/(2/(-36))?
4
Let p = 114 - 114. What is the hundreds digit of (-95)/3*(9 - p)*-1?
2
Let c(t) = -t**3 - 26*t**2 + 9*t - 31. Let v be c(-26). What is the tens digit of (-395539)/v - 1/5*-2?
9
Let y(n) = 3*n**2 - 6*n + 14. Suppose 7*l = 12*l + 40. Let o be y(l). Suppose -64 + o = 5*q. What is the tens digit of q?
3
Suppose 88593 = 6*o - 180267. What is the ten thousands digit of o?
4
Suppose 9*s + c - 54525 - 8763 = 0, -4*s + 3*c + 28128 = 0. What is the tens digit of s?
3
Let z(s) = -5*s**3 - 4*s**2 - 3*s - 22. Let d(j) = 7*j**3 + 5*j**2 + 3*j + 21. Let m(c) = -4*d(c) - 5*z(c). What is the hundreds digit of m(-5)?
3
Let n = -114 - -9462. What is the units digit of n?
8
Suppose 4*w = 8, -i - w - 10 = -286. Let k = -15 + i. What is the units digit of k?
9
What is the tens digit of -5*9/(-165) + (-5 - 394058/(-22))?
0
Suppose 3*g + 1 = 2*g. Let h(b) = 3*b**2 + 66*b - 165. Let o be h(-23). Let t = g - o. What is the tens digit of t?
9
Let f = -233 + 236. What is the units digit of (1 - 0) + (-12 - -394) - f?
0
Suppose x + 5*x - 3*x = 16845. What is the hundreds digit of x?
6
Suppose -51*t + 220441 = -622861 - 173179. What is the hundreds digit of t?
9
Let c be (0/2 - -1)/((-1)/2). Let l(z) = -30*z**3 + z**2 - 2*z - 6. What is the tens digit of l(c)?
4
Let t(b) be the second derivative of b**4/6 + 2*b**3/3 - 4*b**2 - 2*b. Let a = 797 + -791. What is the units digit of t(a)?
8
Suppose -4*a = -2*y + 68 + 8, 5*y = 4*a + 76. Let t(m) = -m - 10. What is the units digit of t(a)?
9
Suppose -4*a = 5*a - 126. Let v(b) = 6 + a*b + 1 + 7. What is the tens digit of v(5)?
8
Let l(k) = -20*k**2 + 11*k - 15. Let y be l(5). What is the units digit of 4/46 - 64820/y?
1
Let f(n) = 1570*n + 75. What is the units digit of f(4)?
5
Let a(p) = -15*p - 13. Let m be a(-1). Suppose m*y = 4*y - 2218. What is the thousands digit of y?
1
Let w(i) = 14*i**2 - 65*i - 1809. What is the units digit of w(-32)?
7
What is the tens digit of 6709/((-12 + -1 - -12)/(-3 + 0))?
2
What is the ten thousands digit of (-7 - 329233)*23/(-92)?
8
Let d = 5482 + 24421. What is the ten thousands digit of d?
2
Suppose -y - 14575 = -n, 3*n = 5*y + 20504 + 23231. What is the ten thousands digit of n?
1
Suppose 4*b + 172 = 236. Let t(y) = 12*y + 52. What is the tens digit of t(b)?
4
What is the thousands digit of 1/(1/225*(1100/(-3510))/(-22))?
5
Let t be 2 + (8 - 8) - 5. What is the thousands digit of 1*(335 - 6/t)*3?
1
Suppose 333*p - 91641 = 322*p. What is the thousands digit of p?
8
Suppose 4*f - 2288 = -4*b - 0*b, 5*f - 2*b = 2874. Suppose -323 - f = -3*s - 5*r, r = -5*s + 1495. What is the tens digit of s?
9
Suppose -2*s + 12421 = -v, 4*s - 6*v - 33336 = -8490. What is the tens digit of s?
1
Suppose -10*f - 24 = -13*f. Suppose 0 = -5*i - 2*o - 13, 5*o + f = -3*i + 4*o. What is the units digit of i/(-18)*1 + 5243/42?
5
Let a(s) = s**2 - s. Let m(w) = -w**2 + 9. Let z(v) = 12*a(v) + 4*m(v). Let g be z(7). Let y = -219 + g. What is the hundreds digit of y?
1
Let o be (2 + 10)*330/9. Let z = o - -771. What is the hundreds digit of z?
2
Suppose 4*j - 4234 = -98. What is the hundreds digit of (28/(-56))/((-1)/j)?
5
Suppose 0 = -23*i - 15*i + 9*i. Suppose i = -336*m + 333*m + 1491. What is the hundreds digit of m?
4
What is the hundreds digit of 133982/14 + -1 + 153/(-1071)?
5
Let w(i) = -3*i**3 - 18*i**2 - 16*i - 3. Let f be w(-5). Suppose -f*c = -20*c + 1548. What is the units digit of c?
6
What is the thousands digit of (-6301932)/(-924) - (-6)/(-22)?
6
Let b = 27 - -295. Let k = 71 + b. What is the units digit of k?
3
Let m = 5 - 3. Suppose 108 - 540 = m*t. Let h = -121 - t. What is the units digit of h?
5
Suppose 33 - 122 = -3*u - 4*f, f + 18 = u. Suppose u*g = 27*g. What is the tens digit of (g - -32 - (-1 - -2))*3?
9
Suppose k = -8*k + 54. Suppose -5*z - y = -k*z + 1150, 0 = -z + 4*y + 1147. What is the thousands digit of z?
1
Let a be (16/6 - 3)/(4/(-276)). Let b(h) = h**2 - 23*h + 81. What is the units digit of b(a)?
1
Let n(o) = -o**2 + 12*o - 23. Let v be n(9). Let w = -70 + v. Let u = w + 103. What is the units digit of u?
7
What is the ten thousands digit of (5755 + -13 - 6)*(1 - (-4 + 3))?
1
Suppose 5*u = -3*d - 61, 35 = -5*d + 10*u - 5*u. Let i be (0 + d/20)*-30. Suppose 0 = -5*o + i*o - 3276. What is the hundreds digit of o?
2
Let r be 16/6*(-174)/8. Let t = -19 - r. Suppose 2*j - t = -5*g - 0*g, -4*j = -4*g - 36. What is the tens digit of j?
1
What is the thousands digit of (-14)/((-952)/102)*(-141896)/(-6)?
5
What is the units digit of (10/6)/(13/(-39)) - (-19628)/14?
7
Suppose 0*h + 4*h + 4*g = -88, 3*h + 80 = 4*g. Let t = 76 - h. Suppose 8*p = 6*p + t. What is the units digit of p?
0
Let t be 45/15 + 1544/2. Suppose 13*h + t - 4181 = 0. Suppose -h = -4*w + 138. What is the units digit of w?
0
Let j = -118 + 121. Suppose -j*n + 40 = 13. What is the tens digit of 2055/9 + 1/n*-3?
2
Let b(d) = -26*d - 47 + d**3 + 16*d + 19*d - 9*d**2. What is the units digit of b(12)?
3
Let k(t) = -t**3 + 55*t**2 - 5*t + 220. What is the ten thousands digit of k(39)?
2
Let t(s) = s**2 - 8*s - 18. Suppose -21*y = -17*y - 16. Let b = 22 - y. What is the hundreds digit of t(b)?
1
Let y(w) = w**3 - 9*w**2 + 2*w - 13. Let t be y(9). Let i(x) = 16 + 2*x**2 + 4*x**2 - x**3 - 9 + t*x. What is the units digit of i(6)?
7
Let j(b) = -2*b**3 + 7*b**2 + 14. What is the units digit of j(-18)?
6
Suppose -4*n + 2*n = 2, -3*h - 3*n = 879. Let q = 455 + h. What is the hundreds digit of q?
1
Let g(b) = -506*b - 560. What is the units digit of g(-54)?
4
Suppose 0 = 2*l + 3*r + 12, -2*r + 3 - 11 = 0. Suppose 5*w - 5*s + 4*s + 453 = 0, -2*w + 4*s - 192 = l. What is the units digit of (510/4)/1*(-72)/w?
2
Suppose -38*y + 11*y + 38205 = 0. Suppose -10*d - y = -15*d. What is the hundreds digit of d?
2
Suppose -76*n + 38340 = -56*n. What is the hundreds digit of n?
9
Suppose -3*m + 2*m = -8. Suppose 2 - m = -2*f. Suppose 4*h + 4*j - 248 = 0, -5*h + 300 = -8*j + f*j. What is the units digit of h?
1
Let s(h) = h**3 + 14*h**2 - 14*h + 19. Let y be s(-15). Suppose -2*w = -r + 431, y*w = 3*r + w - 1305. What is the units digit of r?
9
Let l = 14481 - 9569. Suppose -21*q - l = -25*q. What is the units digit of q?
8
Suppose 5*l - 5821 + 217 = -a, 2*a - 4488 = -4*l. Suppose -31*q + l = -23*q. What is the units digit of q?
0
Suppose -14*c + 5*c = -54. Let a be c/9*(-8 + 158). Suppose 3*f - f - 100 = -4*y, 2*f + 5*y = a. What is the tens digit of f?
5
Suppose -4*j = -j - 6. Suppose -j*k + 125 = 4*s - 3205, k - 1686 = 5*s. What is the thousands digit of k?
1
Let z be ((-3)/(-1) + 6)/(-1 + 0). What is the tens digit of ((-4)/(-3))/(4/(-13554)*z)?
0
Let l = 576 + -345. Suppose -11*u - 2981 = -l. Let k = u + 451. What is the tens digit of k?
0
Let s(z) = 20*z - 135. Let n be s(9). What is the units digit of 769 + (-7)/(63/n)?
4
Suppose 2824 = 2*g + m + 326, 0 = -5*g + 2*m + 6236. Suppose -15*h - g = -18*h. What is the tens digit of h?
1
What is the hundreds digit of 10/(-5)*(61650/(-36) + 4)?
4
Suppos